{"id":80,"date":"2023-01-18T08:15:08","date_gmt":"2023-01-18T08:15:08","guid":{"rendered":"https:\/\/www.villa-behrens.at\/?page_id=80"},"modified":"2024-12-23T11:12:37","modified_gmt":"2024-12-23T11:12:37","slug":"turmapartment-de","status":"publish","type":"page","link":"https:\/\/www.villa-behrens.at\/index.php\/turmapartment-de\/","title":{"rendered":"Turmappartement"},"content":{"rendered":"\t\t<div data-elementor-type=\"wp-page\" data-elementor-id=\"80\" class=\"elementor elementor-80\" data-elementor-post-type=\"page\">\n\t\t\t\t\t\t<section class=\"elementor-section elementor-top-section elementor-element elementor-element-7df1c99 elementor-section-boxed elementor-section-height-default elementor-section-height-default\" data-id=\"7df1c99\" data-element_type=\"section\" data-e-type=\"section\">\n\t\t\t\t\t\t<div class=\"elementor-container elementor-column-gap-default\">\n\t\t\t\t\t<div class=\"elementor-column elementor-col-100 elementor-top-column elementor-element elementor-element-a8cc21c\" data-id=\"a8cc21c\" data-element_type=\"column\" data-e-type=\"column\">\n\t\t\t<div class=\"elementor-widget-wrap elementor-element-populated\">\n\t\t\t\t\t\t<div class=\"elementor-element elementor-element-09f1f74 elementor-widget-divider--view-line_text elementor-widget-divider--element-align-center elementor-widget elementor-widget-divider\" data-id=\"09f1f74\" data-element_type=\"widget\" data-e-type=\"widget\" data-widget_type=\"divider.default\">\n\t\t\t\t<div class=\"elementor-widget-container\">\n\t\t\t\t\t\t\t<div class=\"elementor-divider\">\n\t\t\t<span class=\"elementor-divider-separator\">\n\t\t\t\t\t\t\t<h1 class=\"elementor-divider__text elementor-divider__element\">\n\t\t\t\tTurmappartement\t\t\t\t<\/h1>\n\t\t\t\t\t\t<\/span>\n\t\t<\/div>\n\t\t\t\t\t\t<\/div>\n\t\t\t\t<\/div>\n\t\t\t\t\t<\/div>\n\t\t<\/div>\n\t\t\t\t\t<\/div>\n\t\t<\/section>\n\t\t\t\t<section class=\"elementor-section elementor-top-section elementor-element elementor-element-6e2c5c4 elementor-section-boxed elementor-section-height-default elementor-section-height-default\" data-id=\"6e2c5c4\" data-element_type=\"section\" data-e-type=\"section\">\n\t\t\t\t\t\t<div class=\"elementor-container elementor-column-gap-default\">\n\t\t\t\t\t<div class=\"elementor-column elementor-col-50 elementor-top-column elementor-element elementor-element-4662dba\" data-id=\"4662dba\" data-element_type=\"column\" data-e-type=\"column\">\n\t\t\t<div class=\"elementor-widget-wrap elementor-element-populated\">\n\t\t\t\t\t\t<div class=\"elementor-element elementor-element-9b19bfe elementor-widget elementor-widget-text-editor\" data-id=\"9b19bfe\" data-element_type=\"widget\" data-e-type=\"widget\" data-widget_type=\"text-editor.default\">\n\t\t\t\t<div class=\"elementor-widget-container\">\n\t\t\t\t\t\t\t\t\t<p>Villa Behrens wurde 1923 von Ferdinand Behrens erbaut und jahrelang als Kurhaus gef\u00fchrt. Mit der Zeit geriet die Villa jedoch in Vergessenheit. Durch die unmittelbare Nachbarschaft zur Villa Excelsior war es fast ein \u201eMuss\u201c, sich um das Haus zu bem\u00fchen.<\/p>\t\t\t\t\t\t\t\t<\/div>\n\t\t\t\t<\/div>\n\t\t\t\t\t<\/div>\n\t\t<\/div>\n\t\t\t\t<div class=\"elementor-column elementor-col-50 elementor-top-column elementor-element elementor-element-1d396c1\" data-id=\"1d396c1\" data-element_type=\"column\" data-e-type=\"column\">\n\t\t\t<div class=\"elementor-widget-wrap elementor-element-populated\">\n\t\t\t\t\t\t<div class=\"elementor-element elementor-element-25320ff elementor-widget elementor-widget-text-editor\" data-id=\"25320ff\" data-element_type=\"widget\" data-e-type=\"widget\" data-widget_type=\"text-editor.default\">\n\t\t\t\t<div class=\"elementor-widget-container\">\n\t\t\t\t\t\t\t\t\t<p>2012 konnten Christof &amp; Johanna Erharter das Haus erwerben und haben es mit viel Liebe revitalisieren k\u00f6nnen. Nun verbindet ein wunderbarer Garten die beiden H\u00e4user \u2013 mit sonnigen Liegepl\u00e4tzen, einem herrlichen Blick \u00fcber das Tal und einem erfrischenden Pool!<\/p>\t\t\t\t\t\t\t\t<\/div>\n\t\t\t\t<\/div>\n\t\t\t\t\t<\/div>\n\t\t<\/div>\n\t\t\t\t\t<\/div>\n\t\t<\/section>\n\t\t\t\t<section class=\"elementor-section elementor-top-section elementor-element elementor-element-2571ff1 elementor-section-boxed elementor-section-height-default elementor-section-height-default\" data-id=\"2571ff1\" data-element_type=\"section\" data-e-type=\"section\">\n\t\t\t\t\t\t<div class=\"elementor-container elementor-column-gap-default\">\n\t\t\t\t\t<div class=\"elementor-column elementor-col-50 elementor-top-column elementor-element elementor-element-fd757c4\" data-id=\"fd757c4\" data-element_type=\"column\" data-e-type=\"column\">\n\t\t\t<div class=\"elementor-widget-wrap elementor-element-populated\">\n\t\t\t\t\t\t<div class=\"elementor-element elementor-element-adb0742 elementor-widget elementor-widget-heading\" data-id=\"adb0742\" data-element_type=\"widget\" data-e-type=\"widget\" data-widget_type=\"heading.default\">\n\t\t\t\t<div class=\"elementor-widget-container\">\n\t\t\t\t\t<h2 class=\"elementor-heading-title elementor-size-default\">Ausstattung des Turmappartements<\/h2>\t\t\t\t<\/div>\n\t\t\t\t<\/div>\n\t\t\t\t<div class=\"elementor-element elementor-element-44ff48d elementor-widget elementor-widget-text-editor\" data-id=\"44ff48d\" data-element_type=\"widget\" data-e-type=\"widget\" data-widget_type=\"text-editor.default\">\n\t\t\t\t<div class=\"elementor-widget-container\">\n\t\t\t\t\t\t\t\t\t<ul><li>Ein gem\u00fctliches Wohnzimmer (mit Ausziehsofa)<\/li><li>Ein Schlafzimmer f\u00fcr zwei Personen<\/li><li>Ein Schlafzimmer f\u00fcr vier Personen<\/li><li>Ein Esszimmer mit K\u00fcche (komplett ausgestattet mit K\u00fchlschrank, Herd mit Ceranfeld, Geschirrsp\u00fcler &amp; Mikrowelle)<\/li><li>Ein kleines Bad mit WC<\/li><li>Ein weiteres separates WC<\/li><li>Terrasse<\/li><\/ul>\t\t\t\t\t\t\t\t<\/div>\n\t\t\t\t<\/div>\n\t\t\t\t\t<\/div>\n\t\t<\/div>\n\t\t\t\t<div class=\"elementor-column elementor-col-50 elementor-top-column elementor-element elementor-element-729ecba\" data-id=\"729ecba\" data-element_type=\"column\" data-e-type=\"column\">\n\t\t\t<div class=\"elementor-widget-wrap elementor-element-populated\">\n\t\t\t\t\t\t<div class=\"elementor-element elementor-element-a480c4f elementor-widget elementor-widget-heading\" data-id=\"a480c4f\" data-element_type=\"widget\" data-e-type=\"widget\" data-widget_type=\"heading.default\">\n\t\t\t\t<div class=\"elementor-widget-container\">\n\t\t\t\t\t<h2 class=\"elementor-heading-title elementor-size-default\">Die Vorz\u00fcge von Villa Behrens im \u00dcberblick:<\/h2>\t\t\t\t<\/div>\n\t\t\t\t<\/div>\n\t\t\t\t<div class=\"elementor-element elementor-element-17f86af elementor-widget elementor-widget-text-editor\" data-id=\"17f86af\" data-element_type=\"widget\" data-e-type=\"widget\" data-widget_type=\"text-editor.default\">\n\t\t\t\t<div class=\"elementor-widget-container\">\n\t\t\t\t\t\t\t\t\t<ul><li>Gro\u00dfe Appartements mit je 120 qm<\/li><li>Direkt an der Kaiser-Wilhelm-Promenade<\/li><li>Ruhig, trotz zentraler Lage<\/li><\/ul>\t\t\t\t\t\t\t\t<\/div>\n\t\t\t\t<\/div>\n\t\t\t\t\t<\/div>\n\t\t<\/div>\n\t\t\t\t\t<\/div>\n\t\t<\/section>\n\t\t\t\t<section class=\"elementor-section elementor-top-section elementor-element elementor-element-58f7ff69 elementor-section-boxed elementor-section-height-default elementor-section-height-default\" data-id=\"58f7ff69\" data-element_type=\"section\" data-e-type=\"section\">\n\t\t\t\t\t\t<div class=\"elementor-container elementor-column-gap-default\">\n\t\t\t\t\t<div class=\"elementor-column elementor-col-100 elementor-top-column elementor-element elementor-element-12566f8c\" data-id=\"12566f8c\" data-element_type=\"column\" data-e-type=\"column\">\n\t\t\t<div class=\"elementor-widget-wrap elementor-element-populated\">\n\t\t\t\t\t\t<div class=\"elementor-element elementor-element-ce5919e elementor-widget elementor-widget-heading\" data-id=\"ce5919e\" data-element_type=\"widget\" data-e-type=\"widget\" data-widget_type=\"heading.default\">\n\t\t\t\t<div class=\"elementor-widget-container\">\n\t\t\t\t\t<div class=\"elementor-heading-title elementor-size-default\">Galerie<\/div>\t\t\t\t<\/div>\n\t\t\t\t<\/div>\n\t\t\t\t<div class=\"elementor-element elementor-element-46e6a250 elementor-widget elementor-widget-gallery\" data-id=\"46e6a250\" data-element_type=\"widget\" data-e-type=\"widget\" data-settings=\"{&quot;gap&quot;:{&quot;unit&quot;:&quot;px&quot;,&quot;size&quot;:34,&quot;sizes&quot;:[]},&quot;aspect_ratio&quot;:&quot;4:3&quot;,&quot;lazyload&quot;:&quot;yes&quot;,&quot;gallery_layout&quot;:&quot;grid&quot;,&quot;columns&quot;:4,&quot;columns_tablet&quot;:2,&quot;columns_mobile&quot;:1,&quot;gap_tablet&quot;:{&quot;unit&quot;:&quot;px&quot;,&quot;size&quot;:10,&quot;sizes&quot;:[]},&quot;gap_mobile&quot;:{&quot;unit&quot;:&quot;px&quot;,&quot;size&quot;:10,&quot;sizes&quot;:[]},&quot;link_to&quot;:&quot;file&quot;,&quot;overlay_background&quot;:&quot;yes&quot;,&quot;content_hover_animation&quot;:&quot;fade-in&quot;}\" data-widget_type=\"gallery.default\">\n\t\t\t\t<div class=\"elementor-widget-container\">\n\t\t\t\t\t\t\t<div class=\"elementor-gallery__container\">\n\t\t\t\t\t\t\t<a class=\"e-gallery-item elementor-gallery-item elementor-animated-content\" href=\"https:\/\/www.villa-behrens.at\/wp-content\/uploads\/2023\/01\/Turm_12_klein.jpg\" data-elementor-open-lightbox=\"yes\" data-elementor-lightbox-slideshow=\"46e6a250\" data-elementor-lightbox-title=\"Turm_12_klein.jpg\" data-e-action-hash=\"#elementor-action%3Aaction%3Dlightbox%26settings%3DeyJpZCI6ODIsInVybCI6Imh0dHBzOlwvXC93d3cudmlsbGEtYmVocmVucy5hdFwvd3AtY29udGVudFwvdXBsb2Fkc1wvMjAyM1wvMDFcL1R1cm1fMTJfa2xlaW4uanBnIiwic2xpZGVzaG93IjoiNDZlNmEyNTAifQ%3D%3D\">\n\t\t\t\t\t<div class=\"e-gallery-image elementor-gallery-item__image\" data-thumbnail=\"https:\/\/www.villa-behrens.at\/wp-content\/uploads\/2023\/01\/Turm_12_klein-195x300.jpg\" data-width=\"195\" data-height=\"300\" aria-label=\"\" role=\"img\" ><\/div>\n\t\t\t\t\t\t\t\t\t\t\t<div class=\"elementor-gallery-item__overlay\"><\/div>\n\t\t\t\t\t\t\t\t\t\t\t\t\t\t<\/a>\n\t\t\t\t\t\t\t<a class=\"e-gallery-item elementor-gallery-item elementor-animated-content\" href=\"https:\/\/www.villa-behrens.at\/wp-content\/uploads\/2023\/01\/Turm_05_klein.jpg\" data-elementor-open-lightbox=\"yes\" data-elementor-lightbox-slideshow=\"46e6a250\" data-elementor-lightbox-title=\"Turm_05_klein.jpg\" data-e-action-hash=\"#elementor-action%3Aaction%3Dlightbox%26settings%3DeyJpZCI6NTcsInVybCI6Imh0dHBzOlwvXC93d3cudmlsbGEtYmVocmVucy5hdFwvd3AtY29udGVudFwvdXBsb2Fkc1wvMjAyM1wvMDFcL1R1cm1fMDVfa2xlaW4uanBnIiwic2xpZGVzaG93IjoiNDZlNmEyNTAifQ%3D%3D\">\n\t\t\t\t\t<div class=\"e-gallery-image elementor-gallery-item__image\" data-thumbnail=\"https:\/\/www.villa-behrens.at\/wp-content\/uploads\/2023\/01\/Turm_05_klein-300x199.jpg\" data-width=\"300\" data-height=\"199\" aria-label=\"\" role=\"img\" ><\/div>\n\t\t\t\t\t\t\t\t\t\t\t<div class=\"elementor-gallery-item__overlay\"><\/div>\n\t\t\t\t\t\t\t\t\t\t\t\t\t\t<\/a>\n\t\t\t\t\t\t\t<a class=\"e-gallery-item elementor-gallery-item elementor-animated-content\" href=\"https:\/\/www.villa-behrens.at\/wp-content\/uploads\/2023\/01\/Turm_11_klein.jpg\" data-elementor-open-lightbox=\"yes\" data-elementor-lightbox-slideshow=\"46e6a250\" data-elementor-lightbox-title=\"Turm_11_klein.jpg\" data-e-action-hash=\"#elementor-action%3Aaction%3Dlightbox%26settings%3DeyJpZCI6ODMsInVybCI6Imh0dHBzOlwvXC93d3cudmlsbGEtYmVocmVucy5hdFwvd3AtY29udGVudFwvdXBsb2Fkc1wvMjAyM1wvMDFcL1R1cm1fMTFfa2xlaW4uanBnIiwic2xpZGVzaG93IjoiNDZlNmEyNTAifQ%3D%3D\">\n\t\t\t\t\t<div class=\"e-gallery-image elementor-gallery-item__image\" data-thumbnail=\"https:\/\/www.villa-behrens.at\/wp-content\/uploads\/2023\/01\/Turm_11_klein-300x201.jpg\" data-width=\"300\" data-height=\"201\" aria-label=\"\" role=\"img\" ><\/div>\n\t\t\t\t\t\t\t\t\t\t\t<div class=\"elementor-gallery-item__overlay\"><\/div>\n\t\t\t\t\t\t\t\t\t\t\t\t\t\t<\/a>\n\t\t\t\t\t\t\t<a class=\"e-gallery-item elementor-gallery-item elementor-animated-content\" href=\"https:\/\/www.villa-behrens.at\/wp-content\/uploads\/2023\/01\/Turm_02_klein.jpg\" data-elementor-open-lightbox=\"yes\" data-elementor-lightbox-slideshow=\"46e6a250\" data-elementor-lightbox-title=\"Turm_02_klein.jpg\" data-e-action-hash=\"#elementor-action%3Aaction%3Dlightbox%26settings%3DeyJpZCI6ODQsInVybCI6Imh0dHBzOlwvXC93d3cudmlsbGEtYmVocmVucy5hdFwvd3AtY29udGVudFwvdXBsb2Fkc1wvMjAyM1wvMDFcL1R1cm1fMDJfa2xlaW4uanBnIiwic2xpZGVzaG93IjoiNDZlNmEyNTAifQ%3D%3D\">\n\t\t\t\t\t<div class=\"e-gallery-image elementor-gallery-item__image\" data-thumbnail=\"https:\/\/www.villa-behrens.at\/wp-content\/uploads\/2023\/01\/Turm_02_klein-300x200.jpg\" data-width=\"300\" data-height=\"200\" aria-label=\"\" role=\"img\" ><\/div>\n\t\t\t\t\t\t\t\t\t\t\t<div class=\"elementor-gallery-item__overlay\"><\/div>\n\t\t\t\t\t\t\t\t\t\t\t\t\t\t<\/a>\n\t\t\t\t\t\t\t<a class=\"e-gallery-item elementor-gallery-item elementor-animated-content\" href=\"https:\/\/www.villa-behrens.at\/wp-content\/uploads\/2023\/01\/Turm_03_klein.jpg\" data-elementor-open-lightbox=\"yes\" data-elementor-lightbox-slideshow=\"46e6a250\" data-elementor-lightbox-title=\"Turm_03_klein.jpg\" data-e-action-hash=\"#elementor-action%3Aaction%3Dlightbox%26settings%3DeyJpZCI6ODUsInVybCI6Imh0dHBzOlwvXC93d3cudmlsbGEtYmVocmVucy5hdFwvd3AtY29udGVudFwvdXBsb2Fkc1wvMjAyM1wvMDFcL1R1cm1fMDNfa2xlaW4uanBnIiwic2xpZGVzaG93IjoiNDZlNmEyNTAifQ%3D%3D\">\n\t\t\t\t\t<div class=\"e-gallery-image elementor-gallery-item__image\" data-thumbnail=\"https:\/\/www.villa-behrens.at\/wp-content\/uploads\/2023\/01\/Turm_03_klein-300x228.jpg\" data-width=\"300\" data-height=\"228\" aria-label=\"\" role=\"img\" ><\/div>\n\t\t\t\t\t\t\t\t\t\t\t<div class=\"elementor-gallery-item__overlay\"><\/div>\n\t\t\t\t\t\t\t\t\t\t\t\t\t\t<\/a>\n\t\t\t\t\t\t\t<a class=\"e-gallery-item elementor-gallery-item elementor-animated-content\" href=\"https:\/\/www.villa-behrens.at\/wp-content\/uploads\/2023\/01\/Turm_15_klein.jpg\" data-elementor-open-lightbox=\"yes\" data-elementor-lightbox-slideshow=\"46e6a250\" data-elementor-lightbox-title=\"Turm_15_klein.jpg\" data-e-action-hash=\"#elementor-action%3Aaction%3Dlightbox%26settings%3DeyJpZCI6ODYsInVybCI6Imh0dHBzOlwvXC93d3cudmlsbGEtYmVocmVucy5hdFwvd3AtY29udGVudFwvdXBsb2Fkc1wvMjAyM1wvMDFcL1R1cm1fMTVfa2xlaW4uanBnIiwic2xpZGVzaG93IjoiNDZlNmEyNTAifQ%3D%3D\">\n\t\t\t\t\t<div class=\"e-gallery-image elementor-gallery-item__image\" data-thumbnail=\"https:\/\/www.villa-behrens.at\/wp-content\/uploads\/2023\/01\/Turm_15_klein-300x226.jpg\" data-width=\"300\" data-height=\"226\" aria-label=\"\" role=\"img\" ><\/div>\n\t\t\t\t\t\t\t\t\t\t\t<div class=\"elementor-gallery-item__overlay\"><\/div>\n\t\t\t\t\t\t\t\t\t\t\t\t\t\t<\/a>\n\t\t\t\t\t\t\t<a class=\"e-gallery-item elementor-gallery-item elementor-animated-content\" href=\"https:\/\/www.villa-behrens.at\/wp-content\/uploads\/2023\/01\/Turm_18_klein.jpg\" data-elementor-open-lightbox=\"yes\" data-elementor-lightbox-slideshow=\"46e6a250\" data-elementor-lightbox-title=\"Turm_18_klein.jpg\" data-e-action-hash=\"#elementor-action%3Aaction%3Dlightbox%26settings%3DeyJpZCI6ODcsInVybCI6Imh0dHBzOlwvXC93d3cudmlsbGEtYmVocmVucy5hdFwvd3AtY29udGVudFwvdXBsb2Fkc1wvMjAyM1wvMDFcL1R1cm1fMThfa2xlaW4uanBnIiwic2xpZGVzaG93IjoiNDZlNmEyNTAifQ%3D%3D\">\n\t\t\t\t\t<div class=\"e-gallery-image elementor-gallery-item__image\" data-thumbnail=\"https:\/\/www.villa-behrens.at\/wp-content\/uploads\/2023\/01\/Turm_18_klein-225x300.jpg\" data-width=\"225\" data-height=\"300\" aria-label=\"\" role=\"img\" ><\/div>\n\t\t\t\t\t\t\t\t\t\t\t<div class=\"elementor-gallery-item__overlay\"><\/div>\n\t\t\t\t\t\t\t\t\t\t\t\t\t\t<\/a>\n\t\t\t\t\t\t\t<a class=\"e-gallery-item elementor-gallery-item elementor-animated-content\" href=\"https:\/\/www.villa-behrens.at\/wp-content\/uploads\/2023\/01\/Turm_08_klein.jpg\" data-elementor-open-lightbox=\"yes\" data-elementor-lightbox-slideshow=\"46e6a250\" data-elementor-lightbox-title=\"Turm_08_klein.jpg\" data-e-action-hash=\"#elementor-action%3Aaction%3Dlightbox%26settings%3DeyJpZCI6ODgsInVybCI6Imh0dHBzOlwvXC93d3cudmlsbGEtYmVocmVucy5hdFwvd3AtY29udGVudFwvdXBsb2Fkc1wvMjAyM1wvMDFcL1R1cm1fMDhfa2xlaW4uanBnIiwic2xpZGVzaG93IjoiNDZlNmEyNTAifQ%3D%3D\">\n\t\t\t\t\t<div class=\"e-gallery-image elementor-gallery-item__image\" data-thumbnail=\"https:\/\/www.villa-behrens.at\/wp-content\/uploads\/2023\/01\/Turm_08_klein-300x200.jpg\" data-width=\"300\" data-height=\"200\" aria-label=\"\" role=\"img\" ><\/div>\n\t\t\t\t\t\t\t\t\t\t\t<div class=\"elementor-gallery-item__overlay\"><\/div>\n\t\t\t\t\t\t\t\t\t\t\t\t\t\t<\/a>\n\t\t\t\t\t\t\t<a class=\"e-gallery-item elementor-gallery-item elementor-animated-content\" href=\"https:\/\/www.villa-behrens.at\/wp-content\/uploads\/2023\/01\/Turm_23_klein.jpg\" data-elementor-open-lightbox=\"yes\" data-elementor-lightbox-slideshow=\"46e6a250\" data-elementor-lightbox-title=\"Turm_23_klein.jpg\" data-e-action-hash=\"#elementor-action%3Aaction%3Dlightbox%26settings%3DeyJpZCI6ODksInVybCI6Imh0dHBzOlwvXC93d3cudmlsbGEtYmVocmVucy5hdFwvd3AtY29udGVudFwvdXBsb2Fkc1wvMjAyM1wvMDFcL1R1cm1fMjNfa2xlaW4uanBnIiwic2xpZGVzaG93IjoiNDZlNmEyNTAifQ%3D%3D\">\n\t\t\t\t\t<div class=\"e-gallery-image elementor-gallery-item__image\" data-thumbnail=\"https:\/\/www.villa-behrens.at\/wp-content\/uploads\/2023\/01\/Turm_23_klein-300x225.jpg\" data-width=\"300\" data-height=\"225\" aria-label=\"\" role=\"img\" ><\/div>\n\t\t\t\t\t\t\t\t\t\t\t<div class=\"elementor-gallery-item__overlay\"><\/div>\n\t\t\t\t\t\t\t\t\t\t\t\t\t\t<\/a>\n\t\t\t\t\t\t\t<a class=\"e-gallery-item elementor-gallery-item elementor-animated-content\" href=\"https:\/\/www.villa-behrens.at\/wp-content\/uploads\/2023\/01\/Turm_24_klein.jpg\" data-elementor-open-lightbox=\"yes\" data-elementor-lightbox-slideshow=\"46e6a250\" data-elementor-lightbox-title=\"Turm_24_klein.jpg\" data-e-action-hash=\"#elementor-action%3Aaction%3Dlightbox%26settings%3DeyJpZCI6OTAsInVybCI6Imh0dHBzOlwvXC93d3cudmlsbGEtYmVocmVucy5hdFwvd3AtY29udGVudFwvdXBsb2Fkc1wvMjAyM1wvMDFcL1R1cm1fMjRfa2xlaW4uanBnIiwic2xpZGVzaG93IjoiNDZlNmEyNTAifQ%3D%3D\">\n\t\t\t\t\t<div class=\"e-gallery-image elementor-gallery-item__image\" data-thumbnail=\"https:\/\/www.villa-behrens.at\/wp-content\/uploads\/2023\/01\/Turm_24_klein-300x199.jpg\" data-width=\"300\" data-height=\"199\" aria-label=\"\" role=\"img\" ><\/div>\n\t\t\t\t\t\t\t\t\t\t\t<div class=\"elementor-gallery-item__overlay\"><\/div>\n\t\t\t\t\t\t\t\t\t\t\t\t\t\t<\/a>\n\t\t\t\t\t\t\t<a class=\"e-gallery-item elementor-gallery-item elementor-animated-content\" href=\"https:\/\/www.villa-behrens.at\/wp-content\/uploads\/2023\/01\/Aussen_11_klein.jpg\" data-elementor-open-lightbox=\"yes\" data-elementor-lightbox-slideshow=\"46e6a250\" data-elementor-lightbox-title=\"Aussen_11_klein.jpg\" data-e-action-hash=\"#elementor-action%3Aaction%3Dlightbox%26settings%3DeyJpZCI6OTEsInVybCI6Imh0dHBzOlwvXC93d3cudmlsbGEtYmVocmVucy5hdFwvd3AtY29udGVudFwvdXBsb2Fkc1wvMjAyM1wvMDFcL0F1c3Nlbl8xMV9rbGVpbi5qcGciLCJzbGlkZXNob3ciOiI0NmU2YTI1MCJ9\">\n\t\t\t\t\t<div class=\"e-gallery-image elementor-gallery-item__image\" data-thumbnail=\"https:\/\/www.villa-behrens.at\/wp-content\/uploads\/2023\/01\/Aussen_11_klein-300x199.jpg\" data-width=\"300\" data-height=\"199\" aria-label=\"\" role=\"img\" ><\/div>\n\t\t\t\t\t\t\t\t\t\t\t<div class=\"elementor-gallery-item__overlay\"><\/div>\n\t\t\t\t\t\t\t\t\t\t\t\t\t\t<\/a>\n\t\t\t\t\t\t\t<a class=\"e-gallery-item elementor-gallery-item elementor-animated-content\" href=\"https:\/\/www.villa-behrens.at\/wp-content\/uploads\/2023\/01\/Aussen_41_klein.jpg\" data-elementor-open-lightbox=\"yes\" data-elementor-lightbox-slideshow=\"46e6a250\" data-elementor-lightbox-title=\"Aussen_41_klein.jpg\" data-e-action-hash=\"#elementor-action%3Aaction%3Dlightbox%26settings%3DeyJpZCI6OTIsInVybCI6Imh0dHBzOlwvXC93d3cudmlsbGEtYmVocmVucy5hdFwvd3AtY29udGVudFwvdXBsb2Fkc1wvMjAyM1wvMDFcL0F1c3Nlbl80MV9rbGVpbi5qcGciLCJzbGlkZXNob3ciOiI0NmU2YTI1MCJ9\">\n\t\t\t\t\t<div class=\"e-gallery-image elementor-gallery-item__image\" data-thumbnail=\"https:\/\/www.villa-behrens.at\/wp-content\/uploads\/2023\/01\/Aussen_41_klein-199x300.jpg\" data-width=\"199\" data-height=\"300\" aria-label=\"\" role=\"img\" ><\/div>\n\t\t\t\t\t\t\t\t\t\t\t<div class=\"elementor-gallery-item__overlay\"><\/div>\n\t\t\t\t\t\t\t\t\t\t\t\t\t\t<\/a>\n\t\t\t\t\t<\/div>\n\t\t\t\t\t<\/div>\n\t\t\t\t<\/div>\n\t\t\t\t\t<\/div>\n\t\t<\/div>\n\t\t\t\t\t<\/div>\n\t\t<\/section>\n\t\t\t\t<\/div>\n\t\t","protected":false},"excerpt":{"rendered":"<p>Turmappartement Villa Behrens wurde 1923 von Ferdinand Behrens erbaut und jahrelang als Kurhaus gef\u00fchrt. Mit der Zeit geriet die Villa jedoch in Vergessenheit. Durch die unmittelbare Nachbarschaft zur Villa Excelsior war es fast ein \u201eMuss\u201c, sich um das Haus zu bem\u00fchen. 2012 konnten Christof &amp; Johanna Erharter das Haus erwerben und haben es mit viel [&hellip;]<\/p>\n","protected":false},"author":1,"featured_media":0,"parent":0,"menu_order":0,"comment_status":"closed","ping_status":"closed","template":"","meta":{"footnotes":""},"class_list":["post-80","page","type-page","status-publish","hentry"],"_links":{"self":[{"href":"https:\/\/www.villa-behrens.at\/index.php\/wp-json\/wp\/v2\/pages\/80","targetHints":{"allow":["GET"]}}],"collection":[{"href":"https:\/\/www.villa-behrens.at\/index.php\/wp-json\/wp\/v2\/pages"}],"about":[{"href":"https:\/\/www.villa-behrens.at\/index.php\/wp-json\/wp\/v2\/types\/page"}],"author":[{"embeddable":true,"href":"https:\/\/www.villa-behrens.at\/index.php\/wp-json\/wp\/v2\/users\/1"}],"replies":[{"embeddable":true,"href":"https:\/\/www.villa-behrens.at\/index.php\/wp-json\/wp\/v2\/comments?post=80"}],"version-history":[{"count":33,"href":"https:\/\/www.villa-behrens.at\/index.php\/wp-json\/wp\/v2\/pages\/80\/revisions"}],"predecessor-version":[{"id":1541,"href":"https:\/\/www.villa-behrens.at\/index.php\/wp-json\/wp\/v2\/pages\/80\/revisions\/1541"}],"wp:attachment":[{"href":"https:\/\/www.villa-behrens.at\/index.php\/wp-json\/wp\/v2\/media?parent=80"}],"curies":[{"name":"wp","href":"https:\/\/api.w.org\/{rel}","templated":true}]}}